ghest common divisor of 16 and 3632.
16
What is the greatest common factor of 448 and 28?
28
What is the highest common factor of 834 and 4?
2
Calculate the highest common factor of 8 and 616.
8
Calculate the greatest common divisor of 70 and 2534.
14
Calculate the highest common divisor of 444 and 111.
111
What is the greatest common divisor of 58 and 145?
29
Calculate the highest common divisor of 122 and 17202.
122
Calculate the highest common divisor of 104 and 1937.
13
Calculate the greatest common divisor of 5 and 12405.
5
What is the greatest common factor of 315 and 885?
15
What is the greatest common factor of 6 and 402?
6
Calculate the highest common divisor of 2044 and 584.
292
What is the highest common divisor of 1850 and 200?
50
What is the greatest common divisor of 15 and 240?
15
What is the highest common factor of 1 and 751?
1
Calculate the highest common factor of 130 and 91.
13
Calculate the greatest common divisor of 1815 and 11.
11
What is the greatest common divisor of 74 and 14?
2
Calculate the highest common factor of 845 and 65.
65
What is the greatest common factor of 4876 and 159?
53
What is the greatest common factor of 11259 and 81?
81
What is the greatest common factor of 83 and 13031?
83
Calculate the highest common divisor of 156 and 48.
12
What is the greatest common factor of 32 and 14464?
32
What is the highest common divisor of 300 and 180?
60
What is the highest common factor of 280 and 1225?
35
What is the greatest common divisor of 4 and 404?
4
Calculate the greatest common divisor of 27 and 17.
1
Calculate the greatest common divisor of 21233 and 17.
17
Calculate the highest common divisor of 70 and 448.
14
What is the greatest common divisor of 16 and 31232?
16
Calculate the greatest common divisor of 240 and 760.
40
What is the greatest common factor of 192 and 36?
12
Calculate the greatest common factor of 7 and 2401.
7
Calculate the highest common factor of 20 and 60.
20
Calculate the highest common divisor of 12 and 63660.
12
Calculate the highest common factor of 43734 and 222.
222
What is the highest common divisor of 135 and 2565?
135
What is the highest common factor of 297 and 36?
9
Calculate the greatest common factor of 221 and 26.
13
Calculate the greatest common divisor of 1769 and 610.
61
Calculate the greatest common factor of 2960 and 37.
37
Calculate the highest common factor of 9021 and 186.
93
What is the highest common factor of 28 and 164?
4
Calculate the highest common factor of 105 and 490.
35
Calculate the greatest common divisor of 14 and 1134.
14
Calculate the highest common divisor of 30 and 735.
15
Calculate the highest common factor of 102 and 170.
34
Calculate the highest common divisor of 102 and 170.
34
Calculate the greatest common factor of 22 and 154.
22
Calculate the greatest common divisor of 27 and 639.
9
What is the greatest common factor of 8 and 594?
2
What is the highest common divisor of 282 and 893?
47
What is the greatest common factor of 25553 and 33?
11
What is the greatest common divisor of 11532 and 36?
12
Calculate the greatest common factor of 134 and 603.
67
What is the highest common factor of 19 and 589?
19
What is the greatest common factor of 2430 and 27?
27
Calculate the greatest common divisor of 665 and 760.
95
What is the greatest common divisor of 11 and 187?
11
What is the greatest common divisor of 1040 and 195?
65
What is the highest common factor of 664 and 8?
8
What is the greatest common factor of 3298 and 776?
194
What is the highest common factor of 376 and 282?
94
Calculate the greatest common divisor of 1107 and 41.
41
Calculate the greatest common factor of 33 and 81147.
33
Calculate the greatest common factor of 106 and 3975.
53
What is the highest common divisor of 235 and 5?
5
Calculate the greatest common factor of 49 and 196.
49
What is the greatest common factor of 140 and 770?
70
What is the greatest common divisor of 25 and 1325?
25
Calculate the greatest common factor of 36 and 450.
18
What is the greatest common divisor of 160 and 37520?
80
What is the highest common factor of 1323 and 18?
9
Calculate the greatest common factor of 372 and 12.
12
Calculate the highest common factor of 2627 and 111.
37
What is the greatest common factor of 7 and 56?
7
Calculate the highest common factor of 288 and 27.
9
What is the highest common divisor of 3339 and 21?
21
What is the highest common factor of 435 and 85695?
435
What is the highest common factor of 3161 and 218?
109
What is the highest common factor of 676 and 3068?
52
Calculate the highest common factor of 324 and 18252.
108
Calculate the greatest common factor of 8 and 256.
8
Calculate the greatest common divisor of 37403 and 113.
113
What is the highest common factor of 66 and 2442?
66
What is the greatest common divisor of 651 and 31?
31
Calculate the greatest common factor of 4535 and 10.
5
What is the highest common factor of 24 and 408?
24
What is the greatest common factor of 255 and 45?
15
What is the greatest common divisor of 8 and 50?
2
Calculate the greatest common factor of 110 and 50.
10
What is the greatest common factor of 114 and 1862?
38
Calculate the greatest common factor of 96 and 14856.
24
Calculate the highest common factor of 5 and 5.
5
What is the highest common factor of 740 and 40?
20
What is the highest common factor of 210 and 150?
30
What is the highest common factor of 23 and 253?
23
What is the greatest common factor of 663 and 78?
39
What is the highest common factor of 209 and 133?
19
What is the greatest common factor of 7 and 42?
7
Calculate the greatest common divisor of 16 and 2344.
8
Calculate the highest common divisor of 14 and 44282.
14
Calculate the greatest common factor of 2842 and 98.
98
Calculate the highest common factor of 621 and 1817.
23
What is the greatest common factor of 10 and 694?
2
What is the greatest common factor of 1960 and 80?
40
Calculate the greatest common factor of 295 and 5.
5
Calculate the greatest common factor of 350 and 280.
70
Calculate the greatest common factor of 299 and 52.
13
Calculate the highest common divisor of 253 and 115.
23
Calculate the greatest common divisor of 13 and 8593.
13
What is the greatest common factor of 60 and 36?
12
What is the greatest common factor of 2178 and 72?
18
What is the highest common divisor of 2077 and 248?
31
What is the highest common divisor of 62 and 1798?
62
Calculate the greatest common factor of 512 and 184.
8
Calculate the highest common factor of 117 and 9.
9
Calculate the highest common divisor of 170 and 374.
34
Calculate the highest common factor of 147 and 392.
49
What is the highest common factor of 7 and 2317?
7
Calculate the highest common factor of 121 and 11.
11
What is the greatest common factor of 2696 and 3707?
337
Calculate the greatest common divisor of 150 and 200.
50
What is the highest common factor of 35 and 190?
5
What is the greatest common factor of 12996 and 76?
76
What is the highest common factor of 150 and 1075?
25
What is the greatest common divisor of 460 and 11868?
92
What is the greatest common divisor of 2104 and 8?
8
Calculate the highest common divisor of 80 and 50.
10
What is the greatest common factor of 325 and 715?
65
What is the greatest common factor of 4 and 2212?
4
What is the greatest common divisor of 63 and 49?
7
What is the greatest common factor of 9 and 912?
3
What is the highest common divisor of 72 and 552?
24
What is the highest common divisor of 1918 and 14?
14
What is the highest common divisor of 41 and 1353?
41
What is the highest common factor of 135 and 1335?
15
What is the highest common divisor of 200 and 24?
8
What is the greatest common factor of 1107 and 27?
27
Calculate the greatest common factor of 180 and 2620.
20
Calculate the greatest common divisor of 3427 and 253.
23
What is the highest common divisor of 288 and 54?
18
Calculate the greatest common divisor of 9 and 96.
3
Calculate the highest common divisor of 912 and 627.
57
Calculate the highest common divisor of 605 and 110.
55
What is the greatest common factor of 901 and 1325?
53
What is the highest common factor of 961 and 31?
31
What is the highest common factor of 18 and 47394?
18
Calculate the highest common divisor of 80 an